 + 6708. What is h(164)?
-16
Let b(m) = 475*m - 16801. Calculate b(36).
299
Let v(n) = 5*n**2 + 32*n + 627. Give v(-12).
963
Let p(w) = -w**3 + 85*w**2 + 899*w - 505. Give p(-10).
5
Let x(a) = 5*a**3 - 378*a**2 - 88*a - 4871. What is x(76)?
-7
Let y(s) = s**2 + 45655*s - 273964. What is y(6)?
2
Let u(k) = 5*k**2 - 48882*k + 195559. What is u(4)?
111
Let o(q) = -609*q + 3740. What is o(3)?
1913
Let q(t) = -t**3 - 131*t**2 - 4098*t + 2814. Give q(-78).
6
Let a(t) = -6*t**2 - 812*t + 16296. Determine a(-153).
78
Let w(j) = -1703*j + 51736. Calculate w(30).
646
Let h(u) = 189*u - 3432. Give h(18).
-30
Let m(n) = 2*n**3 - 46*n**2 + 216*n - 103. Give m(17).
101
Let u(x) = x**3 + 450*x**2 + 19650*x + 54. Determine u(-49).
5
Let r(l) = l**2 + 512170*l - 3585239. Calculate r(7).
0
Let a(q) = 6613*q - 3716525. Calculate a(562).
-19
Let j(l) = l**3 - 110*l**2 + 243*l + 8256. Calculate j(107).
-90
Let j(n) = -1608*n**2 - 6153*n - 4. Determine j(-4).
-1120
Let x(c) = 146*c**2 - 7*c - 141. Give x(1).
-2
Let g(d) = -1204*d - 169946. Calculate g(-141).
-182
Let a(b) = 5*b**2 + 391*b - 2384. Calculate a(6).
142
Let m(w) = -234*w - 10032. What is m(-43)?
30
Let y(m) = 567*m - 10143. Give y(17).
-504
Let z(h) = 1454*h - 23269. Determine z(16).
-5
Let u(p) = -1151*p - 64614. Determine u(-56).
-158
Let m(h) = -11785*h - 106498. Give m(-9).
-433
Let p(d) = -152684*d - 25. What is p(0)?
-25
Let i(p) = p**2 + 197*p + 910. Determine i(-5).
-50
Let g(m) = -m**3 + 129*m**2 - 624*m + 664. Calculate g(124).
168
Let h(c) = 2*c**2 - 15905*c + 1306312. Determine h(83).
-25
Let v(d) = -95487*d + 859371. Give v(9).
-12
Let k(q) = 38*q**2 + 153*q + 879. Give k(-6).
1329
Let t(m) = -11*m**2 + 7350*m + 143627. Give t(-19).
6
Let c(s) = -2*s**3 - 1172*s**2 + 22994*s + 2426. What is c(-605)?
6
Let c(y) = -51*y**2 - 1574*y + 34. Calculate c(-31).
-183
Let f(m) = -m**2 - 1795*m - 276253. What is f(-170)?
-3
Let r(p) = -540*p**2 + 47515*p + 493. Calculate r(88).
53
Let o(y) = 2*y**3 + 10*y**2 + 15*y + 73. Give o(-5).
-2
Let x(m) = -49*m + 3975. Give x(78).
153
Let r(b) = -3*b**2 - 6427*b + 162586. Give r(25).
36
Let m(h) = -12*h**3 - 96*h**2 + 1613*h + 12905. Calculate m(-8).
1
Let q(v) = 3*v**2 - 71*v + 84. What is q(-19)?
2516
Let r(l) = 2*l**3 - 1004*l**2 - 30810*l + 6385. What is r(531)?
13
Let o(h) = h**3 - 6*h**2 - 1195*h + 199. Calculate o(-32).
-473
Let a(z) = -5*z**2 - 72*z + 1004. Determine a(0).
1004
Let i(f) = -f**3 + 69*f**2 - 123*f + 2853. Give i(68).
-887
Let x(l) = 1332*l**2 + 23971*l - 27. Give x(-18).
63
Let w(j) = -j**3 + 134*j**2 + 4177*j - 2709. Calculate w(160).
11
Let a(g) = g**3 + 41*g**2 - 10293*g - 133. Calculate a(83).
-216
Let w(j) = j**3 + 34*j**2 - 435*j + 2719. Determine w(-45).
19
Let g(r) = 1277*r - 2415. Give g(2).
139
Let r(p) = 12482*p - 461704. What is r(37)?
130
Let f(g) = -g**3 - 26*g**2 - 12*g - 145. What is f(-24)?
-1009
Let j(v) = 1981*v - 92. Determine j(0).
-92
Let x(c) = -2*c**3 + 47*c**2 - 354*c + 2816. Give x(18).
8
Let q(x) = 309*x + 30747. Give q(-100).
-153
Let j(u) = -3*u**3 - 32*u**2 - 83*u - 327. What is j(-9)?
15
Let y(a) = 878*a - 2650. Give y(3).
-16
Let h(t) = t**3 + 23*t**2 + 69*t + 242. Give h(-20).
62
Let o(u) = -u**3 + 7*u**2 + 14*u - 230. What is o(-6)?
154
Let b(x) = 415*x**3 + 10*x**2 + 10*x - 16. Calculate b(-2).
-3316
Let v(j) = -j**3 - 25*j**2 + 223*j + 153. Give v(-32).
185
Let t(o) = o**2 + 239644*o + 5511289. Give t(-23).
6
Let j(f) = -823*f - 416492. Give j(-506).
-54
Let p(t) = -1317*t - 3275. Calculate p(-5).
3310
Let h(l) = -1896*l - 34472. Calculate h(-18).
-344
Let n(c) = 33175*c + 1360182. Determine n(-41).
7
Let y(v) = -4950*v - 515408. Determine y(-104).
-608
Let b(f) = f**3 - 968*f**2 + 6716*f + 10569. Determine b(961).
-2
Let s(g) = 59435*g + 297353. Determine s(-5).
178
Let r(g) = 19*g**2 + 730033*g + 730034. What is r(-1)?
20
Let h(p) = p**2 + 111*p - 210. Determine h(-8).
-1034
Let k(p) = -1156*p - 48529. Determine k(-42).
23
Let t(p) = -15*p**2 - 359*p + 922. Give t(-30).
-1808
Let o(n) = 1703*n + 1671. What is o(-1)?
-32
Let h(o) = 726*o + 59783. What is h(-82)?
251
Let a(c) = 95798*c + 3927785. What is a(-41)?
67
Let s(r) = -r**2 - 20*r + 6276. What is s(-90)?
-24
Let h(x) = 4*x**2 - 520*x - 1045. Give h(-2).
11
Let b(v) = -6292*v - 1447214. Calculate b(-230).
-54
Let a(t) = -4076*t + 77718. Determine a(19).
274
Let a(h) = -2*h**3 + 12*h**2 + 880*h - 6771. What is a(8)?
13
Let y(x) = -123*x**2 - 1272*x + 1346. Calculate y(1).
-49
Let x(w) = -215*w + 377. Calculate x(2).
-53
Let q(v) = v**3 - 21*v**2 - 132*v + 5. Determine q(26).
-47
Let w(b) = -2*b**2 - 19517*b - 175493. Give w(-9).
-2
Let z(q) = 2*q**2 + 62573*q - 250326. What is z(4)?
-2
Let x(a) = -29*a**3 + 247*a**2 + 8*a - 96. Determine x(6).
2580
Let v(h) = 26*h**2 + 153*h - 583. Calculate v(4).
445
Let v(d) = 453*d**2 + 760*d + 760. Give v(-1).
453
Let d(r) = -137*r + 10283. Give d(75).
8
Let v(r) = 337*r**3 + 15*r**2 - 14*r - 14. Determine v(2).
2714
Let g(q) = -8*q**2 - 265*q - 840. Determine g(-29).
117
Let y(o) = 21421*o - 2420775. What is y(113)?
-202
Let f(p) = -24582*p + 394111. Determine f(16).
799
Let a(h) = 9*h**3 - 12359*h**2 + 2821*h - 102974. Determine a(1373).
1
Let z(c) = -21*c**2 - 3006*c + 9018. Calculate z(3).
-189
Let u(a) = 17*a**2 + 1841*a + 794. Determine u(-108).
254
Let y(u) = 8667*u + 1421377. What is y(-164)?
-11
Let s(q) = -671*q - 6687. What is s(-10)?
23
Let c(g) = 3*g**2 - 312*g + 4543. Give c(97).
2506
Let l(k) = 4*k**3 + 183*k**2 + 748*k - 1247. What is l(-41)?
24
Let a(f) = 797*f - 156935. What is a(197)?
74
Let p(j) = 1539*j - 166195. What is p(108)?
17
Let k(l) = 28*l**3 + 53*l**2 - 2*l - 4. Calculate k(-2).
-12
Let g(v) = v**2 + 1534*v - 18546. Give g(12).
6
Let z(p) = -p**3 + 42*p**2 - 162*p - 888. Give z(37).
-37
Let u(c) = -45*c**2 - 11694*c + 1219. Calculate u(-260).
-341
Let k(g) = -43834*g + 306370. Give k(7).
-468
Let j(x) = 14641*x - 73267. What is j(5)?
-62
Let x(r) = r**3 + 307*r**2 + 313*r + 2002. Calculate x(-306).
-140
Let d(c) = -3*c**2 - 7*c + 153. Calculate d(11).
-287
Let h(m) = -384*m + 33160. Give h(94).
-2936
Let d(s) = 7*s**3 - 33*s**2 + 24*s - 32. Calculate d(5).
138
Let t(o) = 21*o**3 - 51*o**2 + 5*o - 4. Give t(3).
119
Let v(n) = 2*n**2 - 94*n - 814. What is v(65)?
1526
Let l(x) = -3*x**3 + 76*x**2 - 521*x + 10191. What is l(24)?
-9
Let u(z) = 2*z**3 + 143*z**2 + 95*z + 1704. What is u(-71)?
0
Let v(j) = 379671*j - 1898345. Give v(5).
10
Let i(s) = 1887*s + 16. Give i(0).
16
Let j(x) = x**2 + 2132*x - 225477. What is j(101)?
56
Let n(o) = o**3 + 458*o**2 - 2903*o - 55119. Give n(-464).
97
Let a(h) = -8*h**2 + 2364*h + 7911. Calculate a(299).
-461
Let g(n) = -5*n**2 + 507*n + 619. Give g(103).
-205
Let b(f) = -3*f**2 + 147*f + 2206. Determine b(61).
10
Let h(o) = -o**3 + 83*o**2 + 10266*o + 299. Give h(151).
-3
Let z(v) = -15336*v - 368067. What is z(-24)?
-3
Let t(o) = -13*o**2 + 61*o - 464. Give t(9).
-968
Let i(v) = v**3 - 41*v**2 - 5*v + 34. Give i(41).
-171
Let i(m) = -271237*m + 28208655. Calculate i(104).
7
Let s(a) = 2049*a + 161706. What is s(-79)?
-165
Let s(w) = -2*w**3 - 38*w**2 - 535*w - 28. What is s(-13)?
4899
Let k(c) = -3*c**2 - 2197*c + 8775. Give k(4).
-61
Let o(k) = -k**3 + 94*k**2 - 118*k + 24119. What is o(95)?
3884
Let p(f) = -1278*f + 104940. Calculate p(82).
144
Let c(k) = -1231*k - 58937. Determine c(-48).
151
Let u(o) = o**3 - 50*o**2 + 2225*o - 76112. Give u(41).
-16
Let g(h) = -233*h - 325. Calculate g(9).
-2422
Let y(x) = -8648*x + 77832. Determine y(9).
0
Let c(i) = 11*i**2 - 624*i + 1292. Calculate c(55).
247
Let i(l) = -l**2 + l + 453. Calculate i(-11).
321
Let y(u) = -u**3 - 2*u**2 + 2306*u + 19. Calculate y(47).
160
Let t(a) = 29*a**2 - 769*a - 766. Give t(-1).
32
Let y(j) = j**3 - 1460*j**2 - 369599*j + 171. What is y(-220)?
-49
Let j(y) = y**3 - 54*y**2 - 11*y + 31. Determine j(54).
-563
Let a(y) = 363*y - 40215. Determine a(109).
-648
Let y(b) = 24*b**2 - 3104*b - 40714. Calculate y(-12).
-10
Let g(p) = 556*p**2 - 2723*p + 1. Give g(5).
286
Let u(v) = -2*v**2 - 18418*v - 73666. Give u(-4).
-26
Let p(x) = x**2 - 224*x - 19370. Determine p(291).
127
Let d(u) = -u**2 - 167*u - 6924. What is d(-78)?
18
Let u(j) = -57*j**2 + 1124*j - 3384. Give u(